{"id":25,"date":"2023-05-07T13:26:31","date_gmt":"2023-05-07T13:26:31","guid":{"rendered":"https:\/\/observar.org.ar\/web\/?page_id=25"},"modified":"2023-05-07T13:26:59","modified_gmt":"2023-05-07T13:26:59","slug":"25-2","status":"publish","type":"page","link":"https:\/\/observar.org.ar\/web\/index.php\/25-2\/","title":{"rendered":"Objetivos"},"content":{"rendered":"\n[et_pb_section fb_built=\u00bb1&#8243; theme_builder_area=\u00bbpost_content\u00bb _builder_version=\u00bb4.21.0&#8243; _module_preset=\u00bbdefault\u00bb][et_pb_row _builder_version=\u00bb4.21.0&#8243; _module_preset=\u00bbdefault\u00bb column_structure=\u00bb1_2,1_2&#8243; theme_builder_area=\u00bbpost_content\u00bb][et_pb_column _builder_version=\u00bb4.21.0&#8243; _module_preset=\u00bbdefault\u00bb type=\u00bb1_2&#8243; theme_builder_area=\u00bbpost_content\u00bb][et_pb_image src=\u00bbhttps:\/\/observar.org.ar\/web\/wp-content\/uploads\/2023\/05\/IMG_20211119_051125344.jpg\u00bb _builder_version=\u00bb4.21.0&#8243; _module_preset=\u00bbdefault\u00bb theme_builder_area=\u00bbpost_content\u00bb title_text=\u00bbIMG_20211119_051125344&#8243; hover_enabled=\u00bb0&#8243; sticky_enabled=\u00bb0&#8243;][\/et_pb_image][et_pb_image src=\u00bbhttps:\/\/observar.org.ar\/web\/wp-content\/uploads\/2023\/05\/calidad-de-datos-definicion.png\u00bb _builder_version=\u00bb4.21.0&#8243; _module_preset=\u00bbdefault\u00bb theme_builder_area=\u00bbpost_content\u00bb title_text=\u00bbcalidad-de-datos-definicion\u00bb hover_enabled=\u00bb0&#8243; sticky_enabled=\u00bb0&#8243;][\/et_pb_image][\/et_pb_column][et_pb_column _builder_version=\u00bb4.21.0&#8243; _module_preset=\u00bbdefault\u00bb type=\u00bb1_2&#8243; theme_builder_area=\u00bbpost_content\u00bb][et_pb_text _builder_version=\u00bb4.21.0&#8243; _module_preset=\u00bbdefault\u00bb theme_builder_area=\u00bbpost_content\u00bb hover_enabled=\u00bb0&#8243; sticky_enabled=\u00bb0&#8243;]<h1 style=\"text-align: justify;\">Objetivos<\/h1>\n<p>Los objetivos sociales de nuestra fundaci\u00f3n son:<\/p>\n<ul>\n<li style=\"text-align: justify;\">Generar espacios de difusi\u00f3n en variedad de medios para las actividades de la comunidad en general y asociadas a la ciencia y la tecnolog\u00eda en particular.<\/li>\n<\/ul>\n<p>&nbsp;<\/p>\n<ul>\n<li style=\"text-align: justify;\">Formar y preservar un observatorio de datos, encarando sondeos, censos, encuestas, relevamientos, vigilancia tecnol\u00f3gica, etc. con el fin de obtener indicadores espec\u00edficos que se puedan utilizar en la toma de decisiones de las autoridades municipales, provinciales y nacionales, instituciones educativas, organizaciones no gubernamentales y de bien p\u00fablico y de todo aquel particular que lo requiera.<\/li>\n<\/ul>\n<p>&nbsp;<\/p>\n<ul>\n<li style=\"text-align: justify;\">Elaborar informes basados en los resultados obtenidos y el an\u00e1lisis metodol\u00f3gico, utilizando herramientas inform\u00e1ticas y geom\u00e1ticas.<\/li>\n<\/ul>\n<p>&nbsp;<\/p>\n<ul>\n<li style=\"text-align: justify;\">Crear espacios de concientizaci\u00f3n, capacitaci\u00f3n y difusi\u00f3n de la ciencia y la tecnolog\u00eda relacionados transversalmente con ramas del turismo y la cultura.<\/li>\n<\/ul>\n<p>&nbsp;<\/p>[\/et_pb_text][\/et_pb_column][\/et_pb_row][\/et_pb_section]\n","protected":false},"excerpt":{"rendered":"<p>Objetivos Los objetivos sociales de nuestra fundaci\u00f3n son: Generar espacios de difusi\u00f3n en variedad de medios para las actividades de la comunidad en general y asociadas a la ciencia y la tecnolog\u00eda en particular. &nbsp; Formar y preservar un observatorio de datos, encarando sondeos, censos, encuestas, relevamientos, vigilancia tecnol\u00f3gica, etc. con el fin de obtener [&hellip;]<\/p>\n","protected":false},"author":1,"featured_media":0,"parent":0,"menu_order":0,"comment_status":"closed","ping_status":"closed","template":"","meta":{"_et_pb_use_builder":"on","_et_pb_old_content":"","_et_gb_content_width":"","footnotes":""},"class_list":["post-25","page","type-page","status-publish","hentry"],"_links":{"self":[{"href":"https:\/\/observar.org.ar\/web\/index.php\/wp-json\/wp\/v2\/pages\/25","targetHints":{"allow":["GET"]}}],"collection":[{"href":"https:\/\/observar.org.ar\/web\/index.php\/wp-json\/wp\/v2\/pages"}],"about":[{"href":"https:\/\/observar.org.ar\/web\/index.php\/wp-json\/wp\/v2\/types\/page"}],"author":[{"embeddable":true,"href":"https:\/\/observar.org.ar\/web\/index.php\/wp-json\/wp\/v2\/users\/1"}],"replies":[{"embeddable":true,"href":"https:\/\/observar.org.ar\/web\/index.php\/wp-json\/wp\/v2\/comments?post=25"}],"version-history":[{"count":3,"href":"https:\/\/observar.org.ar\/web\/index.php\/wp-json\/wp\/v2\/pages\/25\/revisions"}],"predecessor-version":[{"id":31,"href":"https:\/\/observar.org.ar\/web\/index.php\/wp-json\/wp\/v2\/pages\/25\/revisions\/31"}],"wp:attachment":[{"href":"https:\/\/observar.org.ar\/web\/index.php\/wp-json\/wp\/v2\/media?parent=25"}],"curies":[{"name":"wp","href":"https:\/\/api.w.org\/{rel}","templated":true}]}}