{"id":101,"date":"2023-05-07T16:03:05","date_gmt":"2023-05-07T16:03:05","guid":{"rendered":"https:\/\/observar.org.ar\/web\/?page_id=101"},"modified":"2023-05-07T16:05:08","modified_gmt":"2023-05-07T16:05:08","slug":"sobre-nuestro-logo","status":"publish","type":"page","link":"https:\/\/observar.org.ar\/web\/index.php\/sobre-nuestro-logo\/","title":{"rendered":"Sobre nuestro logo"},"content":{"rendered":"\n<figure class=\"wp-block-image aligncenter size-full\"><img loading=\"lazy\" decoding=\"async\" width=\"339\" height=\"339\" src=\"https:\/\/observar.org.ar\/web\/wp-content\/uploads\/2023\/05\/cropped-icono-edited.jpg\" alt=\"\" class=\"wp-image-107\" srcset=\"https:\/\/observar.org.ar\/web\/wp-content\/uploads\/2023\/05\/cropped-icono-edited.jpg 339w, https:\/\/observar.org.ar\/web\/wp-content\/uploads\/2023\/05\/cropped-icono-edited-300x300.jpg 300w, https:\/\/observar.org.ar\/web\/wp-content\/uploads\/2023\/05\/cropped-icono-edited-150x150.jpg 150w\" sizes=\"(max-width: 339px) 100vw, 339px\" \/><\/figure>\n\n\n\n<p><\/p>\n\n\n\n<p>Nuestro LOGO est\u00e1 formado b\u00e1sicamente por dos c\u00edrculos conc\u00e9ntricos, uno de ellos desplazado hacia arriba y a la izquierda, simulando una letra O en may\u00fasculas. Pero tambi\u00e9n tiene otros significados. Intenta representar la respuesta a las siguientes preguntas.<\/p>\n\n\n\n<ul class=\"wp-block-list\">\n<li>\u00bfAlguna vez observaste un objeto celeste como la Luna a trav\u00e9s de un telescopio?<\/li>\n\n\n\n<li>\u00bfConoc\u00e9s la anatom\u00eda y fisiolog\u00eda del ojo?<\/li>\n\n\n\n<li>\u00bfAlguna vez observaste una c\u00e9lula con el microscopio?<\/li>\n<\/ul>\n\n\n\n<p>Seguramente pudiste imaginarte estas respuestas. Te dejamos algunas im\u00e1genes relacionadas.<\/p>\n\n\n\n<p><\/p>\n\n\n\n<figure class=\"wp-block-image size-large\"><img loading=\"lazy\" decoding=\"async\" width=\"1024\" height=\"538\" src=\"https:\/\/observar.org.ar\/web\/wp-content\/uploads\/2023\/05\/6347f4c8713c7-1024x538.jpeg\" alt=\"\" class=\"wp-image-102\" srcset=\"https:\/\/observar.org.ar\/web\/wp-content\/uploads\/2023\/05\/6347f4c8713c7-1024x538.jpeg 1024w, https:\/\/observar.org.ar\/web\/wp-content\/uploads\/2023\/05\/6347f4c8713c7-980x515.jpeg 980w, https:\/\/observar.org.ar\/web\/wp-content\/uploads\/2023\/05\/6347f4c8713c7-480x252.jpeg 480w\" sizes=\"(min-width: 0px) and (max-width: 480px) 480px, (min-width: 481px) and (max-width: 980px) 980px, (min-width: 981px) 1024px, 100vw\" \/><\/figure>\n\n\n\n<figure class=\"wp-block-image size-full\"><img loading=\"lazy\" decoding=\"async\" width=\"900\" height=\"321\" src=\"https:\/\/observar.org.ar\/web\/wp-content\/uploads\/2023\/05\/aumentos-oculares.jpg\" alt=\"\" class=\"wp-image-103\" srcset=\"https:\/\/observar.org.ar\/web\/wp-content\/uploads\/2023\/05\/aumentos-oculares.jpg 900w, https:\/\/observar.org.ar\/web\/wp-content\/uploads\/2023\/05\/aumentos-oculares-480x171.jpg 480w\" sizes=\"(min-width: 0px) and (max-width: 480px) 480px, (min-width: 481px) 900px, 100vw\" \/><\/figure>\n\n\n\n<figure class=\"wp-block-image size-full is-resized\"><img loading=\"lazy\" decoding=\"async\" src=\"https:\/\/observar.org.ar\/web\/wp-content\/uploads\/2023\/05\/microscopio-6-e1564110236478.jpg\" alt=\"\" class=\"wp-image-104\" width=\"821\" height=\"427\" srcset=\"https:\/\/observar.org.ar\/web\/wp-content\/uploads\/2023\/05\/microscopio-6-e1564110236478.jpg 821w, https:\/\/observar.org.ar\/web\/wp-content\/uploads\/2023\/05\/microscopio-6-e1564110236478-480x250.jpg 480w\" sizes=\"(min-width: 0px) and (max-width: 480px) 480px, (min-width: 481px) 821px, 100vw\" \/><\/figure>\n\n\n\n<figure class=\"wp-block-image size-full is-resized\"><img loading=\"lazy\" decoding=\"async\" src=\"https:\/\/observar.org.ar\/web\/wp-content\/uploads\/2023\/05\/20131130-cebolla02.jpg\" alt=\"\" class=\"wp-image-105\" width=\"822\" height=\"617\" srcset=\"https:\/\/observar.org.ar\/web\/wp-content\/uploads\/2023\/05\/20131130-cebolla02.jpg 822w, https:\/\/observar.org.ar\/web\/wp-content\/uploads\/2023\/05\/20131130-cebolla02-480x360.jpg 480w\" sizes=\"(min-width: 0px) and (max-width: 480px) 480px, (min-width: 481px) 822px, 100vw\" \/><\/figure>\n\n\n\n<figure class=\"wp-block-image size-full\"><img loading=\"lazy\" decoding=\"async\" width=\"940\" height=\"480\" src=\"https:\/\/observar.org.ar\/web\/wp-content\/uploads\/2023\/05\/ojo-humano.jpeg\" alt=\"\" class=\"wp-image-106\" srcset=\"https:\/\/observar.org.ar\/web\/wp-content\/uploads\/2023\/05\/ojo-humano.jpeg 940w, https:\/\/observar.org.ar\/web\/wp-content\/uploads\/2023\/05\/ojo-humano-480x245.jpeg 480w\" sizes=\"(min-width: 0px) and (max-width: 480px) 480px, (min-width: 481px) 940px, 100vw\" \/><\/figure>\n","protected":false},"excerpt":{"rendered":"<p>Nuestro LOGO est\u00e1 formado b\u00e1sicamente por dos c\u00edrculos conc\u00e9ntricos, uno de ellos desplazado hacia arriba y a la izquierda, simulando una letra O en may\u00fasculas. Pero tambi\u00e9n tiene otros significados. Intenta representar la respuesta a las siguientes preguntas. Seguramente pudiste imaginarte estas respuestas. Te dejamos algunas im\u00e1genes relacionadas.<\/p>\n","protected":false},"author":1,"featured_media":0,"parent":0,"menu_order":0,"comment_status":"closed","ping_status":"closed","template":"","meta":{"_et_pb_use_builder":"off","_et_pb_old_content":"","_et_gb_content_width":"","footnotes":""},"class_list":["post-101","page","type-page","status-publish","hentry"],"_links":{"self":[{"href":"https:\/\/observar.org.ar\/web\/index.php\/wp-json\/wp\/v2\/pages\/101","targetHints":{"allow":["GET"]}}],"collection":[{"href":"https:\/\/observar.org.ar\/web\/index.php\/wp-json\/wp\/v2\/pages"}],"about":[{"href":"https:\/\/observar.org.ar\/web\/index.php\/wp-json\/wp\/v2\/types\/page"}],"author":[{"embeddable":true,"href":"https:\/\/observar.org.ar\/web\/index.php\/wp-json\/wp\/v2\/users\/1"}],"replies":[{"embeddable":true,"href":"https:\/\/observar.org.ar\/web\/index.php\/wp-json\/wp\/v2\/comments?post=101"}],"version-history":[{"count":2,"href":"https:\/\/observar.org.ar\/web\/index.php\/wp-json\/wp\/v2\/pages\/101\/revisions"}],"predecessor-version":[{"id":110,"href":"https:\/\/observar.org.ar\/web\/index.php\/wp-json\/wp\/v2\/pages\/101\/revisions\/110"}],"wp:attachment":[{"href":"https:\/\/observar.org.ar\/web\/index.php\/wp-json\/wp\/v2\/media?parent=101"}],"curies":[{"name":"wp","href":"https:\/\/api.w.org\/{rel}","templated":true}]}}